{"id":2803,"date":"2013-01-21T20:24:32","date_gmt":"2013-01-21T20:24:32","guid":{"rendered":"http:\/\/theme-fusion.com\/avada\/?page_id=2803"},"modified":"2014-02-17T03:01:21","modified_gmt":"2014-02-17T09:01:21","slug":"servicios","status":"publish","type":"page","link":"https:\/\/metamindvisual.com\/blog\/servicios\/","title":{"rendered":"Servicios"},"content":{"rendered":"<div class=\"two_third\">\n<div class=\"title\"><h2>Lo que hacemos<\/h2><div class=\"title-sep-container\"><div class=\"title-sep\"><\/div><\/div><\/div>\n<p style=\"text-align: justify;\">Nuestra gama de servicios se ha ido consolidando a partir de nuestra marcada preferencia por la tecnolog\u00eda, el arte y la innovaci\u00f3n. Sin embargo, si bien es cierto son campos en los que nos desenvolvemos a diario, esto implica un panorama de cambio constate y en extremo flexible, principalmente en lo que se refiere a herramientas y t\u00e9cnicas relacionadas directamente a estos servicios. Lo que nos plantea una situaci\u00f3n permanente de actualizaci\u00f3n, investigaci\u00f3n y experimentaci\u00f3n. Afortunadamente la experiencia que hemos ido acumulando desde el inicio, apoyado en gran medida al &#8220;networking&#8221; que mantenemos con otros artistas, proveedores y clientes, nos ha permitido desarrollar un esquema de trabajo fundamentado en un alto grado de &#8220;project management&#8221; y &#8220;research&#8221;. Crear y adaptarse es esencial en un nuevo medio que vive en constante desarrollo.<br \/>\n<\/div>\n<div class=\"one_third last\">\n<div class=\"title\"><h2>Nos caracteriza<\/h2><div class=\"title-sep-container\"><div class=\"title-sep\"><\/div><\/div><\/div>\n<div class=\"progress-bar\" style=\"background-color:#3e3e3e !important;border-color:#3e3e3e !important;\"><div class=\"progress-bar-content\" data-percentage=\"100\" style=\"width: 100%;background-color:#724fad !important;border-color:#724fad !important;\"><\/div><span class=\"progress-title\">Desarrollo Creativo 100<\/span><\/div><div class=\"progress-bar\" style=\"background-color:#3e3e3e !important;border-color:#3e3e3e !important;\"><div class=\"progress-bar-content\" data-percentage=\"100\" style=\"width: 100%;background-color:#724fad !important;border-color:#724fad !important;\"><\/div><span class=\"progress-title\">Innovaci\u00f3n 100<\/span><\/div><div class=\"progress-bar\" style=\"background-color:#3e3e3e !important;border-color:#3e3e3e !important;\"><div class=\"progress-bar-content\" data-percentage=\"100\" style=\"width: 100%;background-color:#724fad !important;border-color:#724fad !important;\"><\/div><span class=\"progress-title\">Tecnolog\u00eda 100<\/span><\/div><div class=\"progress-bar\" style=\"background-color:#3e3e3e !important;border-color:#3e3e3e !important;\"><div class=\"progress-bar-content\" data-percentage=\"100\" style=\"width: 100%;background-color:#724fad !important;border-color:#724fad !important;\"><\/div><span class=\"progress-title\">Valor Agregado 100<\/span><\/div>\n<\/div><div class=\"clearboth\"><\/div>\n<div class=\"demo-sep sep-none\" style=\"margin-top:40px;\"><\/div>\n<div class=\"one_third\">\n<img decoding=\"async\" alt=\"\" src=\"https:\/\/www.metamindvisual.com\/blog\/wp-content\/uploads\/2013\/12\/livevisualperformance.jpg\" \/><\/p>\n<h2>Live Visual Performance<\/h2>\n<p>Se refiere a la mezcla y composici\u00f3n de elementos gr\u00e1ficos y video en tiempo real en sincron\u00eda con m\u00fasica. Tambi\u00e9n puede generar sus propios sonidos o m\u00fasica en su variante de AV Performance (AudioVisual).<br \/>\n<\/div>\n<div class=\"one_third\">\n<img decoding=\"async\" alt=\"\" src=\"https:\/\/www.metamindvisual.com\/blog\/wp-content\/uploads\/2013\/12\/videomapping.jpg\" \/><\/p>\n<h2>Video Mapping<\/h2>\n<p>Es una t\u00e9cnica de proyecci\u00f3n utilizada para transformar objetos est\u00e1ticos, a menudo de forma irregular, en superficies animadas o pantallas. Permite agregar dimensiones adicionales, ilusiones \u00f3pticas, y nociones de movimiento.<\/p>\n<\/div>\n<div class=\"one_third last\">\n<img decoding=\"async\" alt=\"\" src=\"https:\/\/www.metamindvisual.com\/blog\/wp-content\/uploads\/2013\/12\/Interactive.jpg\" \/><\/p>\n<h2>Instalaciones Interactivas<\/h2>\n<p>Instalaciones controladas en tiempo real mediante los movimientos del cuerpo, marcas de realidad aumentada, o a trav\u00e9s de redes sociales, sitios web dise\u00f1ados a medida o apps para smartphones y tablets.<br \/>\n<\/div><div class=\"clearboth\"><\/div>\n<div class=\"demo-sep sep-none\" style=\"margin-top:40px;\"><\/div>\n<div class=\"one_third\">\n<img decoding=\"async\" alt=\"\" src=\"https:\/\/www.metamindvisual.com\/blog\/wp-content\/uploads\/2013\/12\/Motion.jpg\" \/><\/p>\n<h2>Motion Graphics<\/h2>\n<p>Son gr\u00e1ficos que utilizan im\u00e1genes de v\u00eddeo y \/ o la tecnolog\u00eda de animaci\u00f3n para crear la ilusi\u00f3n de movimiento o rotaci\u00f3n, y por lo general se combinan con el audio para su uso en proyectos multimedia.<br \/>\n<\/div>\n<div class=\"one_third\">\n<img decoding=\"async\" alt=\"\" src=\"https:\/\/www.metamindvisual.com\/blog\/wp-content\/uploads\/2013\/12\/Branding2.jpg\" \/><\/p>\n<h2>Visual Branding<\/h2>\n<p>El trabajo en conjunto con nuestros clientes nos permite identificar caracter\u00edsticas distintivas, que posteriormente se utilizan para una exposici\u00f3n consistente de marca a trav\u00e9s de los diferentes medios visuales que ofrecemos.<br \/>\n<\/div>\n<div class=\"one_third last\">\n<img decoding=\"async\" alt=\"\" src=\"https:\/\/www.metamindvisual.com\/blog\/wp-content\/uploads\/2013\/12\/Creative.jpg\" \/><\/p>\n<h2>Direcci\u00f3n Creativa<\/h2>\n<p>Comprende la conceptualizaci\u00f3n, generaci\u00f3n de ideas, definici\u00f3n del mensaje y ejecuci\u00f3n de estrategia en la gesti\u00f3n de proyectos creativos.<br \/>\n<\/div><div class=\"clearboth\"><\/div>\n<div class=\"demo-sep sep-none\" style=\"margin-top:30px;\"><\/div>\n<style type='text\/css'>#reading-box-container-1 .tagline-shadow:before,#reading-box-container-1 .tagline-shadow:after{opacity:0.7;}<\/style><div class=\"reading-box-container clearfix\" id=\"reading-box-container-1\"><section class=\"reading-box \" style=\"background-color:#3e3e3e !important;border-width:0px;border-color:#3e3e3e!important;border-left-width:3px !important;border-left-color:#a123f5!important;border-style:solid;\"><a href=\"https:\/\/www.metamindvisual.com\/blog\/contacto-2\/\" target=\"_self\" class=\"continue button large default\">Cont\u00e1ctenos!<\/a><h2>Queremos escuchar sus ideas!<\/h2><a href=\"https:\/\/www.metamindvisual.com\/blog\/contacto-2\/\" target=\"_self\" class=\"continue mobile-button button large default\">Cont\u00e1ctenos!<\/a><\/section><\/div>\n","protected":false},"excerpt":{"rendered":"","protected":false},"author":1,"featured_media":0,"parent":0,"menu_order":0,"comment_status":"open","ping_status":"closed","template":"full-width.php","meta":{"footnotes":""},"class_list":["post-2803","page","type-page","status-publish","hentry"],"yoast_head":"<!-- This site is optimized with the Yoast SEO plugin v22.7 - https:\/\/yoast.com\/wordpress\/plugins\/seo\/ -->\n<title>Servicios - Metamind Visual<\/title>\n<meta name=\"description\" content=\"Nuestra gama de servicios se ha ido consolidando a partir de nuestra marcada preferencia por la tecnolog\u00eda, el arte y la innovaci\u00f3n.\" \/>\n<meta name=\"robots\" content=\"index, follow, max-snippet:-1, max-image-preview:large, max-video-preview:-1\" \/>\n<link rel=\"canonical\" href=\"https:\/\/metamindvisual.com\/blog\/servicios\/\" \/>\n<meta name=\"twitter:label1\" content=\"Est. reading time\" \/>\n\t<meta name=\"twitter:data1\" content=\"2 minutes\" \/>\n<script type=\"application\/ld+json\" class=\"yoast-schema-graph\">{\"@context\":\"https:\/\/schema.org\",\"@graph\":[{\"@type\":\"WebPage\",\"@id\":\"https:\/\/metamindvisual.com\/blog\/servicios\/\",\"url\":\"https:\/\/metamindvisual.com\/blog\/servicios\/\",\"name\":\"Servicios - Metamind Visual\",\"isPartOf\":{\"@id\":\"https:\/\/metamindvisual.com\/blog\/#website\"},\"primaryImageOfPage\":{\"@id\":\"https:\/\/metamindvisual.com\/blog\/servicios\/#primaryimage\"},\"image\":{\"@id\":\"https:\/\/metamindvisual.com\/blog\/servicios\/#primaryimage\"},\"thumbnailUrl\":\"https:\/\/www.metamindvisual.com\/blog\/wp-content\/uploads\/2013\/12\/livevisualperformance.jpg\",\"datePublished\":\"2013-01-21T20:24:32+00:00\",\"dateModified\":\"2014-02-17T09:01:21+00:00\",\"description\":\"Nuestra gama de servicios se ha ido consolidando a partir de nuestra marcada preferencia por la tecnolog\u00eda, el arte y la innovaci\u00f3n.\",\"breadcrumb\":{\"@id\":\"https:\/\/metamindvisual.com\/blog\/servicios\/#breadcrumb\"},\"inLanguage\":\"en-US\",\"potentialAction\":[{\"@type\":\"ReadAction\",\"target\":[\"https:\/\/metamindvisual.com\/blog\/servicios\/\"]}]},{\"@type\":\"ImageObject\",\"inLanguage\":\"en-US\",\"@id\":\"https:\/\/metamindvisual.com\/blog\/servicios\/#primaryimage\",\"url\":\"https:\/\/www.metamindvisual.com\/blog\/wp-content\/uploads\/2013\/12\/livevisualperformance.jpg\",\"contentUrl\":\"https:\/\/www.metamindvisual.com\/blog\/wp-content\/uploads\/2013\/12\/livevisualperformance.jpg\"},{\"@type\":\"BreadcrumbList\",\"@id\":\"https:\/\/metamindvisual.com\/blog\/servicios\/#breadcrumb\",\"itemListElement\":[{\"@type\":\"ListItem\",\"position\":1,\"name\":\"Portada\",\"item\":\"https:\/\/metamindvisual.com\/blog\/\"},{\"@type\":\"ListItem\",\"position\":2,\"name\":\"Servicios\"}]},{\"@type\":\"WebSite\",\"@id\":\"https:\/\/metamindvisual.com\/blog\/#website\",\"url\":\"https:\/\/metamindvisual.com\/blog\/\",\"name\":\"Metamind Visual\",\"description\":\"Ingenier\u00eda visual de alto impacto\",\"potentialAction\":[{\"@type\":\"SearchAction\",\"target\":{\"@type\":\"EntryPoint\",\"urlTemplate\":\"https:\/\/metamindvisual.com\/blog\/?s={search_term_string}\"},\"query-input\":\"required name=search_term_string\"}],\"inLanguage\":\"en-US\"}]}<\/script>\n<!-- \/ Yoast SEO plugin. -->","yoast_head_json":{"title":"Servicios - Metamind Visual","description":"Nuestra gama de servicios se ha ido consolidando a partir de nuestra marcada preferencia por la tecnolog\u00eda, el arte y la innovaci\u00f3n.","robots":{"index":"index","follow":"follow","max-snippet":"max-snippet:-1","max-image-preview":"max-image-preview:large","max-video-preview":"max-video-preview:-1"},"canonical":"https:\/\/metamindvisual.com\/blog\/servicios\/","twitter_misc":{"Est. reading time":"2 minutes"},"schema":{"@context":"https:\/\/schema.org","@graph":[{"@type":"WebPage","@id":"https:\/\/metamindvisual.com\/blog\/servicios\/","url":"https:\/\/metamindvisual.com\/blog\/servicios\/","name":"Servicios - Metamind Visual","isPartOf":{"@id":"https:\/\/metamindvisual.com\/blog\/#website"},"primaryImageOfPage":{"@id":"https:\/\/metamindvisual.com\/blog\/servicios\/#primaryimage"},"image":{"@id":"https:\/\/metamindvisual.com\/blog\/servicios\/#primaryimage"},"thumbnailUrl":"https:\/\/www.metamindvisual.com\/blog\/wp-content\/uploads\/2013\/12\/livevisualperformance.jpg","datePublished":"2013-01-21T20:24:32+00:00","dateModified":"2014-02-17T09:01:21+00:00","description":"Nuestra gama de servicios se ha ido consolidando a partir de nuestra marcada preferencia por la tecnolog\u00eda, el arte y la innovaci\u00f3n.","breadcrumb":{"@id":"https:\/\/metamindvisual.com\/blog\/servicios\/#breadcrumb"},"inLanguage":"en-US","potentialAction":[{"@type":"ReadAction","target":["https:\/\/metamindvisual.com\/blog\/servicios\/"]}]},{"@type":"ImageObject","inLanguage":"en-US","@id":"https:\/\/metamindvisual.com\/blog\/servicios\/#primaryimage","url":"https:\/\/www.metamindvisual.com\/blog\/wp-content\/uploads\/2013\/12\/livevisualperformance.jpg","contentUrl":"https:\/\/www.metamindvisual.com\/blog\/wp-content\/uploads\/2013\/12\/livevisualperformance.jpg"},{"@type":"BreadcrumbList","@id":"https:\/\/metamindvisual.com\/blog\/servicios\/#breadcrumb","itemListElement":[{"@type":"ListItem","position":1,"name":"Portada","item":"https:\/\/metamindvisual.com\/blog\/"},{"@type":"ListItem","position":2,"name":"Servicios"}]},{"@type":"WebSite","@id":"https:\/\/metamindvisual.com\/blog\/#website","url":"https:\/\/metamindvisual.com\/blog\/","name":"Metamind Visual","description":"Ingenier\u00eda visual de alto impacto","potentialAction":[{"@type":"SearchAction","target":{"@type":"EntryPoint","urlTemplate":"https:\/\/metamindvisual.com\/blog\/?s={search_term_string}"},"query-input":"required name=search_term_string"}],"inLanguage":"en-US"}]}},"_links":{"self":[{"href":"https:\/\/metamindvisual.com\/blog\/wp-json\/wp\/v2\/pages\/2803","targetHints":{"allow":["GET"]}}],"collection":[{"href":"https:\/\/metamindvisual.com\/blog\/wp-json\/wp\/v2\/pages"}],"about":[{"href":"https:\/\/metamindvisual.com\/blog\/wp-json\/wp\/v2\/types\/page"}],"author":[{"embeddable":true,"href":"https:\/\/metamindvisual.com\/blog\/wp-json\/wp\/v2\/users\/1"}],"replies":[{"embeddable":true,"href":"https:\/\/metamindvisual.com\/blog\/wp-json\/wp\/v2\/comments?post=2803"}],"version-history":[{"count":30,"href":"https:\/\/metamindvisual.com\/blog\/wp-json\/wp\/v2\/pages\/2803\/revisions"}],"predecessor-version":[{"id":4554,"href":"https:\/\/metamindvisual.com\/blog\/wp-json\/wp\/v2\/pages\/2803\/revisions\/4554"}],"wp:attachment":[{"href":"https:\/\/metamindvisual.com\/blog\/wp-json\/wp\/v2\/media?parent=2803"}],"curies":[{"name":"wp","href":"https:\/\/api.w.org\/{rel}","templated":true}]}}